{"id":16272,"date":"2023-05-15T20:54:10","date_gmt":"2023-05-15T20:54:10","guid":{"rendered":"https:\/\/bozafii.org\/?page_id=16272"},"modified":"2023-05-15T20:54:10","modified_gmt":"2023-05-15T20:54:10","slug":"pencoo-forum-des-peuples-paroles-aux-victimes","status":"publish","type":"page","link":"https:\/\/bozafii.org\/index.php\/pencoo-forum-des-peuples-paroles-aux-victimes\/","title":{"rendered":"P\u00e9nc\u00f3o\u00a0: Forum des peuples (paroles aux victimes)"},"content":{"rendered":"<p><strong><em><u>Tome \u2013 8 \/ P\u00e9nc\u00f3o : Forum des peuples <\/u><\/em><\/strong><strong><em><u>(paroles aux victimes)<\/u><\/em><\/strong><\/p>\n<p><img loading=\"lazy\" src=\"https:\/\/bozafii.org\/wp-content\/uploads\/2022\/10\/Forum-des-peuples-150x150.jpeg\" alt=\"\" width=\"150\" height=\"150\" \/>Th\u00e8mes\u00a0: <strong><em>migration et d\u00e9veloppement<\/em><\/strong><\/p>\n<p>R\u00e9unissant de nombreux militants et acteurs de d\u00e9veloppements venant un peu partout de beaucoup de pays du monde. <strong>Le Forum des peuples<\/strong> est un cadre d\u2019\u00e9changes r\u00e9aliste et productive, pour construire une espace humaniste des humains sur terre. L\u2019occasion de porter une r\u00e9flexion sur les priorit\u00e9s et l\u2019\u00e9volution de nos soci\u00e9t\u00e9s, de soutenir des projets d\u2019avenir, de lutter contre les contacts bilat\u00e9raux qui appauvri nos pays du sud et favorisant les d\u00e9parts massifs de la migration, de voir comment contribuer \u00e0 l\u2019exploitation des potentielles ressources de nos pays, de chercher des solutions \u00a0contre la crise capitaliste et en faveur de la justice sociale et environnementale et en fin de partager des enseignements sur la nature et b\u00e2tir des ponts entre nos soci\u00e9t\u00e9s modernes et les soci\u00e9t\u00e9s traditionnelles.<\/p>\n<p>Aujourd\u2019hui nous aimerons bien nous voir s\u2019\u00e9tablir dans nos propres pays et \u00eatre en temps r\u00e9el avec notre famille. Cela ne d\u00e9pend pas aussi des longs discours que nous avons eu l&#8217;habitude d&#8217;entendre depuis tant d\u2019ann\u00e9es. Plus qu&#8217;on grandit plus qu&#8217;on voit que la vie dans notre pays devient dure et parfois m\u00eame impossible.<\/p>\n","protected":false},"excerpt":{"rendered":"<p>Tome \u2013 8 \/ P\u00e9nc\u00f3o : Forum des peuples (paroles aux victimes) Th\u00e8mes\u00a0: migration et d\u00e9veloppement R\u00e9unissant de nombreux militants et acteurs de d\u00e9veloppements venant un peu partout de beaucoup de pays du monde. Le Forum des peuples est un cadre d\u2019\u00e9changes r\u00e9aliste et productive, pour construire une espace humaniste des humains sur terre. L\u2019occasion [&hellip;]<\/p>\n","protected":false},"author":2,"featured_media":0,"parent":0,"menu_order":0,"comment_status":"closed","ping_status":"closed","template":"","meta":{"om_disable_all_campaigns":false,"_monsterinsights_skip_tracking":false,"_monsterinsights_sitenote_active":false,"_monsterinsights_sitenote_note":"","_monsterinsights_sitenote_category":0},"aioseo_notices":[],"_links":{"self":[{"href":"https:\/\/bozafii.org\/index.php\/wp-json\/wp\/v2\/pages\/16272"}],"collection":[{"href":"https:\/\/bozafii.org\/index.php\/wp-json\/wp\/v2\/pages"}],"about":[{"href":"https:\/\/bozafii.org\/index.php\/wp-json\/wp\/v2\/types\/page"}],"author":[{"embeddable":true,"href":"https:\/\/bozafii.org\/index.php\/wp-json\/wp\/v2\/users\/2"}],"replies":[{"embeddable":true,"href":"https:\/\/bozafii.org\/index.php\/wp-json\/wp\/v2\/comments?post=16272"}],"version-history":[{"count":1,"href":"https:\/\/bozafii.org\/index.php\/wp-json\/wp\/v2\/pages\/16272\/revisions"}],"predecessor-version":[{"id":16273,"href":"https:\/\/bozafii.org\/index.php\/wp-json\/wp\/v2\/pages\/16272\/revisions\/16273"}],"wp:attachment":[{"href":"https:\/\/bozafii.org\/index.php\/wp-json\/wp\/v2\/media?parent=16272"}],"curies":[{"name":"wp","href":"https:\/\/api.w.org\/{rel}","templated":true}]}}