{"id":16252,"date":"2023-05-15T20:50:04","date_gmt":"2023-05-15T20:50:04","guid":{"rendered":"https:\/\/bozafii.org\/?page_id=16252"},"modified":"2023-05-15T21:58:48","modified_gmt":"2023-05-15T21:58:48","slug":"journee-internationale-des-migrants","status":"publish","type":"page","link":"https:\/\/bozafii.org\/index.php\/journee-internationale-des-migrants\/","title":{"rendered":"Journ\u00e9e internationale des migrants"},"content":{"rendered":"<p><strong><em><u>Tome \u2013 3 \/ 18 d\u00e9cembre\u00a0: Journ\u00e9e internationale des migrants<\/u><\/em><\/strong><\/p>\n<p><strong><em><u>Foire de la migration de Boza Fii<\/u><\/em><\/strong><\/p>\n<p><strong>Poser des questions et exiger des r\u00e9ponses<\/strong><\/p>\n<ul>\n<li><em>Un <strong>migrant<\/strong> est quelqu\u2019un qui veut \u00eatre ind\u00e9pendant et non d\u00e9pendant.<\/em><\/li>\n<li><em>Un <strong>migrant<\/strong> est quelqu\u2019un qui est fier de sa situation, tout en se battant pour l\u2019am\u00e9liorer.<\/em><\/li>\n<li><em>Un <strong>migrant<\/strong> est quelqu\u2019un qui ne subit pas sa vie mais qui le fait.<\/em><\/li>\n<li><em>Un <strong>migrant<\/strong> est un soldat qui part pour affronter les r\u00e9alit\u00e9s de la vie.<\/em><\/li>\n<li><em>Un <strong>migrant<\/strong> est quelqu\u2019un qui part \u00e0 la recherche de sa dignit\u00e9 humaine et d\u2019une vie meilleur.<\/em><\/li>\n<li><em>Un <strong>migrant<\/strong> est en g\u00e9n\u00e9ral un soutient et l\u2019espoir de sa famille.<\/em><\/li>\n<\/ul>\n<p><strong><em>Les droits et libert\u00e9s individuels<\/em><\/strong><\/p>\n<p><strong><em>Les droits et libert\u00e9s socio-\u00e9conomiques<\/em><\/strong><\/p>\n<ul>\n<li><em>_ R\u00e9alit\u00e9s de vie et auto-organisation des migrants en retour volontaire ou expuls\u00e9s dans leur pays d&#8217;origine. <\/em><\/li>\n<li><em>_ Difficult\u00e9s rencontr\u00e9es par les amis et familles des disparus aux fronti\u00e8res<\/em><strong><em>:<\/em><\/strong><\/li>\n<\/ul>\n<p><img loading=\"lazy\" class=\"alignright\" src=\"https:\/\/bozafii.org\/wp-content\/uploads\/2022\/10\/18-dec-150x150.jpg\" alt=\"\" width=\"150\" height=\"150\" \/>Et si tout le monde restait chez soi.<\/p>\n<p>Pas d&#8217;\u00e9migr\u00e9s ni d&#8217;immigr\u00e9s, la migration devient un sujet censur\u00e9 dans les textes. Dans ces contextes les ivoiriens vont devoir vivre avec leur cacao, les \u00e9mirats arabes unis avec leur p\u00e9trole, les s\u00e9n\u00e9galais de leur p\u00eache&#8230; et que personne ne soit surpris de voir un pot de caf\u00e9 co\u00fbtant en France 20 euros, un kilogramme de poisson \u00e0 30 yuans en Chine&#8230; Ainsi chacun devra se contenter juste du peu de ce que la nature l&#8217;offre et que beaucoup de choses qui se sont r\u00e9alis\u00e9es aujourd&#8217;hui ne seront peut-\u00eatre que de jolies maquettes.<\/p>\n<p>Pourquoi autant d&#8217;humains et qu&#8217;il n&#8217;y a pas d&#8217;humanit\u00e9 dans cette vie si courte que nous le comprenons pas vraiment le sens.<\/p>\n<p>L&#8217;ingratitude de l&#8217;\u00eatre humain le pousse \u00e0 combattre sa propre raison de vivre. Aujourd&#8217;hui l&#8217;humain admet ce qu&#8217;on appelle un syst\u00e8me, d\u00e9fini par des forts ou faible, des riches ou pauvres, des l\u00e9gaux ou ill\u00e9gaux&#8230; pour en citer que \u00e7a et par exemple. Et pourquoi bl\u00e2mer le pauvre s&#8217;il a toujours le droit de subir. L\u00e0, la raison nous manque.<\/p>\n<p>Le syst\u00e8me cr\u00e9e entre les humains la distance, favorise la diff\u00e9rence, installe l&#8217;ignorance. Pour en comprendre un peu\u00a0: le cri des peuples noirs ce disant panafricain contre les r\u00e9gimes occidentaux europ\u00e9ens s&#8217;imposant comme les pays d\u00e9velopp\u00e9s, de m\u00eame pour les asiatiques qui sont index\u00e9s comme \u00e9tant des envahisseurs ainsi que les am\u00e9ricains comme les puissants mais qui voient les arabes comme les terroristes. Et tout \u00e7a parce des murs s&#8217;\u00e9l\u00e8vent de plus en plus entre les peuples.<\/p>\n<p>Voil\u00e0 que dans ce monde des continents se sont cr\u00e9\u00e9, pour ensuite se diviser en pays et ce dernier constituant une nation o\u00f9 l&#8217;indiff\u00e9rence ne peut m\u00eame pas s&#8217;installer entre les humains. Quand est-ce nous allons comprendre que Dieu utilise les humains pour r\u00e9gler le probl\u00e8me des humains.<\/p>\n<p>La race humaine devient prisonnier de son propre organisation, se divise sans m\u00eame parfois le vouloir, les individus se ha\u00efssent sans m\u00eame comprendre le pourquoi.<\/p>\n<p>Et si le monde \u00e9tait le chez soi de tout un chacun, personne ne se sentirait \u00e9tranger quelque part. Les fronti\u00e8res ne seront juste que imagination.<\/p>\n<p>L&#8217;aventure d\u00e9termine les individus, leurs donne une ouverture d&#8217;esprit, leurs apprend \u00e0 s&#8217;adapter par rapport aux milieux o\u00f9 ils se trouvent, leurs enseigne les r\u00e9alit\u00e9s de la vie et comment les affronter, mais aussi leurs montre toutes les formes de souffrances.<\/p>\n<p>Il est important aussi de faire savoir aux gouvernants comment les familles des disparus vivent avec ce lourd fardeau, sachant que leurs enfants ont perdu la vie dans des situations difficiles ou ont disparu sans laisser aucune trace.<\/p>\n<p>Beaucoup de familles aujourd\u2019hui font face \u00e0 une situation douloureuse d\u2019avoir perdu de leurs enfants sans avoir aucune id\u00e9e de l\u00e0 o\u00f9 ils sont et sans nouvelles depuis des ann\u00e9es.<\/p>\n<p>En r\u00e9alit\u00e9 n\u2019y a pas seulement des morts mais aussi des disparus.<\/p>\n","protected":false},"excerpt":{"rendered":"<p>Tome \u2013 3 \/ 18 d\u00e9cembre\u00a0: Journ\u00e9e internationale des migrants Foire de la migration de Boza Fii Poser des questions et exiger des r\u00e9ponses Un migrant est quelqu\u2019un qui veut \u00eatre ind\u00e9pendant et non d\u00e9pendant. Un migrant est quelqu\u2019un qui est fier de sa situation, tout en se battant pour l\u2019am\u00e9liorer. Un migrant est quelqu\u2019un [&hellip;]<\/p>\n","protected":false},"author":2,"featured_media":0,"parent":0,"menu_order":0,"comment_status":"closed","ping_status":"closed","template":"","meta":{"om_disable_all_campaigns":false,"_monsterinsights_skip_tracking":false,"_monsterinsights_sitenote_active":false,"_monsterinsights_sitenote_note":"","_monsterinsights_sitenote_category":0},"aioseo_notices":[],"_links":{"self":[{"href":"https:\/\/bozafii.org\/index.php\/wp-json\/wp\/v2\/pages\/16252"}],"collection":[{"href":"https:\/\/bozafii.org\/index.php\/wp-json\/wp\/v2\/pages"}],"about":[{"href":"https:\/\/bozafii.org\/index.php\/wp-json\/wp\/v2\/types\/page"}],"author":[{"embeddable":true,"href":"https:\/\/bozafii.org\/index.php\/wp-json\/wp\/v2\/users\/2"}],"replies":[{"embeddable":true,"href":"https:\/\/bozafii.org\/index.php\/wp-json\/wp\/v2\/comments?post=16252"}],"version-history":[{"count":2,"href":"https:\/\/bozafii.org\/index.php\/wp-json\/wp\/v2\/pages\/16252\/revisions"}],"predecessor-version":[{"id":16414,"href":"https:\/\/bozafii.org\/index.php\/wp-json\/wp\/v2\/pages\/16252\/revisions\/16414"}],"wp:attachment":[{"href":"https:\/\/bozafii.org\/index.php\/wp-json\/wp\/v2\/media?parent=16252"}],"curies":[{"name":"wp","href":"https:\/\/api.w.org\/{rel}","templated":true}]}}